{"id":15,"date":"2024-02-05T14:13:41","date_gmt":"2024-02-05T14:13:41","guid":{"rendered":"https:\/\/bukovoda.hsro.hu\/?page_id=15"},"modified":"2024-04-30T12:55:35","modified_gmt":"2024-04-30T12:55:35","slug":"kezdolap","status":"publish","type":"page","link":"https:\/\/bukovoda.hu\/","title":{"rendered":"Kezd\u0151lap"},"content":{"rendered":"\n<p class=\"has-text-align-center\"><strong>Szeretettel k\u00f6sz\u00f6ntj\u00fck a Csodaorsz\u00e1g \u00d3voda, B\u00f6lcs\u0151de \u00e9s K\u00f6z\u00e9tkeztet\u00e9st Ell\u00e1t\u00f3 Int\u00e9zm\u00e9ny oldal\u00e1n!<\/strong><\/p>\n\n\n\n<p class=\"justify-text has-black-color has-text-color has-link-color wp-elements-e80fb09ca884e7168d844f993c154e10\">A gondoz\u00e1s, nevel\u00e9s, oktat\u00e1s feladat\u00e1t a gyermekek sz\u00fclei, t\u00f6rv\u00e9nyes k\u00e9pvisel\u0151i megosztj\u00e1k int\u00e9zm\u00e9ny\u00fcnk pedag\u00f3gusaival, kisgyermeknevel\u0151ivel. E k\u00f6z\u00f6s tev\u00e9kenys\u00e9g alapja a bizalom, az int\u00e9zm\u00e9ny \u00e9s a pedag\u00f3gusok szakmai hitele.&nbsp;<\/p>\n\n\n\n<p class=\"justify-text has-black-color has-text-color has-link-color wp-elements-00d49b318635355178737a6b50380439\">Nek\u00fcnk, a Csodaorsz\u00e1g \u00d3voda, B\u00f6lcs\u0151de \u00e9s K\u00f6z\u00e9tkeztet\u00e9st Ell\u00e1t\u00f3 Int\u00e9zm\u00e9ny nevel\u0151k\u00f6z\u00f6ss\u00e9g\u00e9nek k\u00f6z\u00f6s c\u00e9lja, hogy a gyermekek sz\u00e1m\u00e1ra egy szeretetteljes, nyugodt, csal\u00e1dias, \u00e9lm\u00e9nyekben gazdag \u00f3vodai \u00e9letet biztos\u00edtsunk.&nbsp;<\/p>\n\n\n\n<p class=\"justify-text has-black-color has-text-color has-link-color wp-elements-2aff4eb3623a6066c0626313e3025b47\">Valljuk, hogy minden gyermek egyedi, egyszeri, megism\u00e9telhetetlen szem\u00e9lyis\u00e9g, ez\u00e9rt az egym\u00e1sra figyel\u00e9s, a t\u00fcrelem, az elm\u00e9ly\u00fclts\u00e9g, a kiv\u00e1r\u00e1s, az elfogad\u00e1s jellemzi nevel\u0151munk\u00e1nkat.&nbsp;<\/p>\n\n\n\n<p class=\"justify-text has-black-color has-text-color has-link-color wp-elements-771440b86728cac074dddd13b3fba569\">Int\u00e9zm\u00e9ny\u00fcnk minden dolgoz\u00f3ja szeretettel, f\u00e9lt\u0151 gonddal gondozza, neveli a r\u00e1juk b\u00edzott gyermekeket, sokoldal\u00faan fejleszti szem\u00e9lyis\u00e9g\u00fcket, \u00f3vja testi \u00e9ps\u00e9g\u00fcket.<\/p>\n\n\n\n<p class=\"justify-text has-black-color has-text-color has-link-color wp-elements-95b1c9a9c9560cabd8b4f0266acbdf70\">Honlapunk azzal a c\u00e9llal j\u00f6tt l\u00e9tre, hogy seg\u00edtse \u00d6n\u00f6ket int\u00e9zm\u00e9ny\u00fcnk megismer\u00e9s\u00e9ben, t\u00e1j\u00e9koz\u00f3dhatna \u00f3vodai, b\u00f6lcs\u0151dei&nbsp; csoportjainkr\u00f3l; gyermek , szoci\u00e1lis \u00e9s vend\u00e9g\u00e9tkeztet\u00e9si tev\u00e9kenys\u00e9g\u00fcnkr\u0151l, int\u00e9zm\u00e9ny\u00fcnk fontosabb programjair\u00f3l, el\u00e9rhet\u0151s\u00e9geinkr\u0151l.<\/p>\n\n\n\n<p class=\"justify-text has-black-color has-text-color has-link-color wp-elements-137dac1dcd76ae55d08ed338a639397e\">Szeretettel v\u00e1rjuk gyermek\u00fcket \u00f3vodai, b\u00f6lcs\u0151dei csoportjainkba.<\/p>\n\n\n\n<p class=\"has-black-color has-text-color has-link-color wp-elements-af3ba158f89f7cab2bbc64a4d1ed947c\">Valamennyi munkat\u00e1rsam nev\u00e9ben:<\/p>\n\n\n\n<p class=\"has-text-align-right has-black-color has-text-color has-link-color wp-elements-e704694dfdb6b326de654e0703b45cee\">T\u00f3th Vikt\u00f3ria M\u00e1ria<br>f\u0151igazgat\u00f3<\/p>\n\n\n\n<p class=\"has-text-align-right has-black-color has-text-color has-link-color wp-elements-b23cb23a5313b7144adb45d42f3039b6\"><br><\/p>\n\n\n\n<p><\/p>\n\n\n\n<p><\/p>\n\n\n\n<p class=\"has-text-align-center has-background has-regular-font-size\" style=\"background-color:#fec01f\"><strong>Csodaorsz\u00e1g Egyes\u00fclet<\/strong><\/p>\n\n\n\n<p class=\"has-black-color has-text-color has-link-color wp-elements-4bd5f85d15401a614f8d13e04a1446a4\">\u00d3vod\u00e1nkban Csodaorsz\u00e1g Egyes\u00fclet n\u00e9ven m\u0171k\u00f6dik egyes\u00fclet\u00fcnk, melynek c\u00e9lja seg\u00edteni az int\u00e9zm\u00e9ny teljes feladatell\u00e1t\u00e1s\u00e1t. <\/p>\n\n\n\n<p class=\"has-black-color has-text-color has-link-color wp-elements-5b17a9109c7e5d8c21f93027deff60d0\">Az egyes\u00fclet vagyon\u00e1t egyr\u00e9szt a szem\u00e9lyi j\u00f6vedelemad\u00f3 1% &#8211; a, illetve a felaj\u00e1nl\u00e1sok teszik ki.<\/p>\n\n\n\n<p class=\"has-black-color has-text-color has-link-color wp-elements-8c53dc94c0f8f8b078b84680147333f8\"><strong>Egyes\u00fclet sz\u00e9khelye:<\/strong> 9737 B\u00fck Sz\u00e9chenyi u. 23.<\/p>\n\n\n\n<p class=\"has-black-color has-text-color has-link-color wp-elements-bf01e62e9b885fffc06acae457093629\"><strong>Sz\u00e1mlasz\u00e1munk<\/strong>: 72100316-10026531<\/p>\n\n\n\n<p class=\"has-black-color has-text-color has-link-color wp-elements-bfb5b221280e904c54d7adeb5d28098d\"><strong>Egyes\u00fclet eln\u00f6ke:<\/strong> Lehel \u00c1gnes<\/p>\n\n\n\n<p class=\"has-black-color has-text-color has-link-color wp-elements-676eaa6fcaabbe45039f099f0c818e7e\"><strong>Egyes\u00fclet eln\u00f6k helyettese:<\/strong> Cser Veronika<\/p>\n\n\n\n<p class=\"has-black-color has-text-color has-link-color wp-elements-bc54a36e64835d3aa93b4a0bf03764b7\">K\u00f6sz\u00f6nj\u00fck az eddigi t\u00e1mogat\u00e1st, k\u00e9rj\u00fck seg\u00edtse tov\u00e1bbra is a munk\u00e1nkat.<\/p>\n\n\n\n<p class=\"has-black-color has-text-color has-link-color wp-elements-9ac00cf961d1ea846fe5a532228b76c6\"><\/p>\n\n\n\n<p><\/p>\n","protected":false},"excerpt":{"rendered":"<p>Szeretettel k\u00f6sz\u00f6ntj\u00fck a Csodaorsz\u00e1g \u00d3voda, B\u00f6lcs\u0151de \u00e9s K\u00f6z\u00e9tkeztet\u00e9st Ell\u00e1t\u00f3 Int\u00e9zm\u00e9ny oldal\u00e1n! A gondoz\u00e1s, nevel\u00e9s, oktat\u00e1s feladat\u00e1t a gyermekek sz\u00fclei, t\u00f6rv\u00e9nyes k\u00e9pvisel\u0151i megosztj\u00e1k int\u00e9zm\u00e9ny\u00fcnk pedag\u00f3gusaival, kisgyermeknevel\u0151ivel. E k\u00f6z\u00f6s tev\u00e9kenys\u00e9g alapja a bizalom, az int\u00e9zm\u00e9ny \u00e9s a pedag\u00f3gusok szakmai hitele.&nbsp; Nek\u00fcnk, a [&hellip;]<\/p>\n","protected":false},"author":1,"featured_media":243,"parent":0,"menu_order":0,"comment_status":"closed","ping_status":"closed","template":"","meta":{"ngg_post_thumbnail":0,"footnotes":""},"class_list":["post-15","page","type-page","status-publish","has-post-thumbnail","hentry"],"yoast_head":"<!-- This site is optimized with the Yoast SEO plugin v21.9.1 - https:\/\/yoast.com\/wordpress\/plugins\/seo\/ -->\n<title>Kezd\u0151lap - Csodaorsz\u00e1g \u00d3voda, B\u00f6lcs\u0151de \u00e9s K\u00f6z\u00e9tkeztet\u00e9st Ell\u00e1t\u00f3 Int\u00e9zm\u00e9ny<\/title>\n<meta name=\"robots\" content=\"index, follow, max-snippet:-1, max-image-preview:large, max-video-preview:-1\" \/>\n<link rel=\"canonical\" href=\"https:\/\/bukovoda.hu\/\" \/>\n<meta property=\"og:locale\" content=\"hu_HU\" \/>\n<meta property=\"og:type\" content=\"article\" \/>\n<meta property=\"og:title\" content=\"Kezd\u0151lap - Csodaorsz\u00e1g \u00d3voda, B\u00f6lcs\u0151de \u00e9s K\u00f6z\u00e9tkeztet\u00e9st Ell\u00e1t\u00f3 Int\u00e9zm\u00e9ny\" \/>\n<meta property=\"og:description\" content=\"Szeretettel k\u00f6sz\u00f6ntj\u00fck a Csodaorsz\u00e1g \u00d3voda, B\u00f6lcs\u0151de \u00e9s K\u00f6z\u00e9tkeztet\u00e9st Ell\u00e1t\u00f3 Int\u00e9zm\u00e9ny oldal\u00e1n! A gondoz\u00e1s, nevel\u00e9s, oktat\u00e1s feladat\u00e1t a gyermekek sz\u00fclei, t\u00f6rv\u00e9nyes k\u00e9pvisel\u0151i megosztj\u00e1k int\u00e9zm\u00e9ny\u00fcnk pedag\u00f3gusaival, kisgyermeknevel\u0151ivel. E k\u00f6z\u00f6s tev\u00e9kenys\u00e9g alapja a bizalom, az int\u00e9zm\u00e9ny \u00e9s a pedag\u00f3gusok szakmai hitele.&nbsp; Nek\u00fcnk, a [&hellip;]\" \/>\n<meta property=\"og:url\" content=\"https:\/\/bukovoda.hu\/\" \/>\n<meta property=\"og:site_name\" content=\"Csodaorsz\u00e1g \u00d3voda, B\u00f6lcs\u0151de \u00e9s K\u00f6z\u00e9tkeztet\u00e9st Ell\u00e1t\u00f3 Int\u00e9zm\u00e9ny\" \/>\n<meta property=\"article:modified_time\" content=\"2024-04-30T12:55:35+00:00\" \/>\n<meta property=\"og:image\" content=\"https:\/\/bukovoda.hu\/wp-content\/uploads\/2024\/02\/kezdolap-scaled.jpg\" \/>\n\t<meta property=\"og:image:width\" content=\"2560\" \/>\n\t<meta property=\"og:image:height\" content=\"898\" \/>\n\t<meta property=\"og:image:type\" content=\"image\/jpeg\" \/>\n<meta name=\"twitter:card\" content=\"summary_large_image\" \/>\n<meta name=\"twitter:label1\" content=\"Becs\u00fclt olvas\u00e1si id\u0151\" \/>\n\t<meta name=\"twitter:data1\" content=\"2 perc\" \/>\n<script type=\"application\/ld+json\" class=\"yoast-schema-graph\">{\"@context\":\"https:\/\/schema.org\",\"@graph\":[{\"@type\":\"WebPage\",\"@id\":\"https:\/\/bukovoda.hu\/\",\"url\":\"https:\/\/bukovoda.hu\/\",\"name\":\"Kezd\u0151lap - Csodaorsz\u00e1g \u00d3voda, B\u00f6lcs\u0151de \u00e9s K\u00f6z\u00e9tkeztet\u00e9st Ell\u00e1t\u00f3 Int\u00e9zm\u00e9ny\",\"isPartOf\":{\"@id\":\"https:\/\/bukovoda.hu\/#website\"},\"datePublished\":\"2024-02-05T14:13:41+00:00\",\"dateModified\":\"2024-04-30T12:55:35+00:00\",\"breadcrumb\":{\"@id\":\"https:\/\/bukovoda.hu\/#breadcrumb\"},\"inLanguage\":\"hu\",\"potentialAction\":[{\"@type\":\"ReadAction\",\"target\":[\"https:\/\/bukovoda.hu\/\"]}]},{\"@type\":\"BreadcrumbList\",\"@id\":\"https:\/\/bukovoda.hu\/#breadcrumb\",\"itemListElement\":[{\"@type\":\"ListItem\",\"position\":1,\"name\":\"Kezd\u0151lap\",\"item\":\"https:\/\/bukovoda.hu\/\"},{\"@type\":\"ListItem\",\"position\":2,\"name\":\"Kezd\u0151lap\"}]},{\"@type\":\"WebSite\",\"@id\":\"https:\/\/bukovoda.hu\/#website\",\"url\":\"https:\/\/bukovoda.hu\/\",\"name\":\"Csodaorsz\u00e1g \u00d3voda, B\u00f6lcs\u0151de \u00e9s K\u00f6z\u00e9tkeztet\u00e9st Ell\u00e1t\u00f3 Int\u00e9zm\u00e9ny\",\"description\":\"\",\"publisher\":{\"@id\":\"https:\/\/bukovoda.hu\/#organization\"},\"potentialAction\":[{\"@type\":\"SearchAction\",\"target\":{\"@type\":\"EntryPoint\",\"urlTemplate\":\"https:\/\/bukovoda.hu\/?s={search_term_string}\"},\"query-input\":\"required name=search_term_string\"}],\"inLanguage\":\"hu\"},{\"@type\":\"Organization\",\"@id\":\"https:\/\/bukovoda.hu\/#organization\",\"name\":\"Csodaorsz\u00e1g \u00d3voda, B\u00f6lcs\u0151de \u00e9s K\u00f6z\u00e9tkeztet\u00e9st Ell\u00e1t\u00f3 Int\u00e9zm\u00e9ny\",\"url\":\"https:\/\/bukovoda.hu\/\",\"logo\":{\"@type\":\"ImageObject\",\"inLanguage\":\"hu\",\"@id\":\"https:\/\/bukovoda.hu\/#\/schema\/logo\/image\/\",\"url\":\"https:\/\/bukovoda.hu\/wp-content\/uploads\/2024\/02\/cropped-cropped-Csodaorszag_ovoda-Logo-4-Color.jpg\",\"contentUrl\":\"https:\/\/bukovoda.hu\/wp-content\/uploads\/2024\/02\/cropped-cropped-Csodaorszag_ovoda-Logo-4-Color.jpg\",\"width\":508,\"height\":239,\"caption\":\"Csodaorsz\u00e1g \u00d3voda, B\u00f6lcs\u0151de \u00e9s K\u00f6z\u00e9tkeztet\u00e9st Ell\u00e1t\u00f3 Int\u00e9zm\u00e9ny\"},\"image\":{\"@id\":\"https:\/\/bukovoda.hu\/#\/schema\/logo\/image\/\"}}]}<\/script>\n<!-- \/ Yoast SEO plugin. -->","yoast_head_json":{"title":"Kezd\u0151lap - Csodaorsz\u00e1g \u00d3voda, B\u00f6lcs\u0151de \u00e9s K\u00f6z\u00e9tkeztet\u00e9st Ell\u00e1t\u00f3 Int\u00e9zm\u00e9ny","robots":{"index":"index","follow":"follow","max-snippet":"max-snippet:-1","max-image-preview":"max-image-preview:large","max-video-preview":"max-video-preview:-1"},"canonical":"https:\/\/bukovoda.hu\/","og_locale":"hu_HU","og_type":"article","og_title":"Kezd\u0151lap - Csodaorsz\u00e1g \u00d3voda, B\u00f6lcs\u0151de \u00e9s K\u00f6z\u00e9tkeztet\u00e9st Ell\u00e1t\u00f3 Int\u00e9zm\u00e9ny","og_description":"Szeretettel k\u00f6sz\u00f6ntj\u00fck a Csodaorsz\u00e1g \u00d3voda, B\u00f6lcs\u0151de \u00e9s K\u00f6z\u00e9tkeztet\u00e9st Ell\u00e1t\u00f3 Int\u00e9zm\u00e9ny oldal\u00e1n! A gondoz\u00e1s, nevel\u00e9s, oktat\u00e1s feladat\u00e1t a gyermekek sz\u00fclei, t\u00f6rv\u00e9nyes k\u00e9pvisel\u0151i megosztj\u00e1k int\u00e9zm\u00e9ny\u00fcnk pedag\u00f3gusaival, kisgyermeknevel\u0151ivel. E k\u00f6z\u00f6s tev\u00e9kenys\u00e9g alapja a bizalom, az int\u00e9zm\u00e9ny \u00e9s a pedag\u00f3gusok szakmai hitele.&nbsp; Nek\u00fcnk, a [&hellip;]","og_url":"https:\/\/bukovoda.hu\/","og_site_name":"Csodaorsz\u00e1g \u00d3voda, B\u00f6lcs\u0151de \u00e9s K\u00f6z\u00e9tkeztet\u00e9st Ell\u00e1t\u00f3 Int\u00e9zm\u00e9ny","article_modified_time":"2024-04-30T12:55:35+00:00","og_image":[{"width":2560,"height":898,"url":"https:\/\/bukovoda.hu\/wp-content\/uploads\/2024\/02\/kezdolap-scaled.jpg","type":"image\/jpeg"}],"twitter_card":"summary_large_image","twitter_misc":{"Becs\u00fclt olvas\u00e1si id\u0151":"2 perc"},"schema":{"@context":"https:\/\/schema.org","@graph":[{"@type":"WebPage","@id":"https:\/\/bukovoda.hu\/","url":"https:\/\/bukovoda.hu\/","name":"Kezd\u0151lap - Csodaorsz\u00e1g \u00d3voda, B\u00f6lcs\u0151de \u00e9s K\u00f6z\u00e9tkeztet\u00e9st Ell\u00e1t\u00f3 Int\u00e9zm\u00e9ny","isPartOf":{"@id":"https:\/\/bukovoda.hu\/#website"},"datePublished":"2024-02-05T14:13:41+00:00","dateModified":"2024-04-30T12:55:35+00:00","breadcrumb":{"@id":"https:\/\/bukovoda.hu\/#breadcrumb"},"inLanguage":"hu","potentialAction":[{"@type":"ReadAction","target":["https:\/\/bukovoda.hu\/"]}]},{"@type":"BreadcrumbList","@id":"https:\/\/bukovoda.hu\/#breadcrumb","itemListElement":[{"@type":"ListItem","position":1,"name":"Kezd\u0151lap","item":"https:\/\/bukovoda.hu\/"},{"@type":"ListItem","position":2,"name":"Kezd\u0151lap"}]},{"@type":"WebSite","@id":"https:\/\/bukovoda.hu\/#website","url":"https:\/\/bukovoda.hu\/","name":"Csodaorsz\u00e1g \u00d3voda, B\u00f6lcs\u0151de \u00e9s K\u00f6z\u00e9tkeztet\u00e9st Ell\u00e1t\u00f3 Int\u00e9zm\u00e9ny","description":"","publisher":{"@id":"https:\/\/bukovoda.hu\/#organization"},"potentialAction":[{"@type":"SearchAction","target":{"@type":"EntryPoint","urlTemplate":"https:\/\/bukovoda.hu\/?s={search_term_string}"},"query-input":"required name=search_term_string"}],"inLanguage":"hu"},{"@type":"Organization","@id":"https:\/\/bukovoda.hu\/#organization","name":"Csodaorsz\u00e1g \u00d3voda, B\u00f6lcs\u0151de \u00e9s K\u00f6z\u00e9tkeztet\u00e9st Ell\u00e1t\u00f3 Int\u00e9zm\u00e9ny","url":"https:\/\/bukovoda.hu\/","logo":{"@type":"ImageObject","inLanguage":"hu","@id":"https:\/\/bukovoda.hu\/#\/schema\/logo\/image\/","url":"https:\/\/bukovoda.hu\/wp-content\/uploads\/2024\/02\/cropped-cropped-Csodaorszag_ovoda-Logo-4-Color.jpg","contentUrl":"https:\/\/bukovoda.hu\/wp-content\/uploads\/2024\/02\/cropped-cropped-Csodaorszag_ovoda-Logo-4-Color.jpg","width":508,"height":239,"caption":"Csodaorsz\u00e1g \u00d3voda, B\u00f6lcs\u0151de \u00e9s K\u00f6z\u00e9tkeztet\u00e9st Ell\u00e1t\u00f3 Int\u00e9zm\u00e9ny"},"image":{"@id":"https:\/\/bukovoda.hu\/#\/schema\/logo\/image\/"}}]}},"blog_post_layout_featured_media_urls":{"thumbnail":["https:\/\/bukovoda.hu\/wp-content\/uploads\/2024\/02\/kezdolap-150x150.jpg",150,150,true],"full":["https:\/\/bukovoda.hu\/wp-content\/uploads\/2024\/02\/kezdolap-scaled.jpg",2560,898,false]},"categories_names":null,"comments_number":"0","_links":{"self":[{"href":"https:\/\/bukovoda.hu\/index.php?rest_route=\/wp\/v2\/pages\/15"}],"collection":[{"href":"https:\/\/bukovoda.hu\/index.php?rest_route=\/wp\/v2\/pages"}],"about":[{"href":"https:\/\/bukovoda.hu\/index.php?rest_route=\/wp\/v2\/types\/page"}],"author":[{"embeddable":true,"href":"https:\/\/bukovoda.hu\/index.php?rest_route=\/wp\/v2\/users\/1"}],"replies":[{"embeddable":true,"href":"https:\/\/bukovoda.hu\/index.php?rest_route=%2Fwp%2Fv2%2Fcomments&post=15"}],"version-history":[{"count":37,"href":"https:\/\/bukovoda.hu\/index.php?rest_route=\/wp\/v2\/pages\/15\/revisions"}],"predecessor-version":[{"id":349,"href":"https:\/\/bukovoda.hu\/index.php?rest_route=\/wp\/v2\/pages\/15\/revisions\/349"}],"wp:featuredmedia":[{"embeddable":true,"href":"https:\/\/bukovoda.hu\/index.php?rest_route=\/wp\/v2\/media\/243"}],"wp:attachment":[{"href":"https:\/\/bukovoda.hu\/index.php?rest_route=%2Fwp%2Fv2%2Fmedia&parent=15"}],"curies":[{"name":"wp","href":"https:\/\/api.w.org\/{rel}","templated":true}]}}