{"id":157,"date":"2024-02-07T10:25:34","date_gmt":"2024-02-07T10:25:34","guid":{"rendered":"https:\/\/bukovoda.hsro.hu\/?page_id=157"},"modified":"2025-11-03T14:15:01","modified_gmt":"2025-11-03T14:15:01","slug":"kapcsolat","status":"publish","type":"page","link":"https:\/\/bukovoda.hu\/?page_id=157","title":{"rendered":"Kapcsolat"},"content":{"rendered":"\n<p class=\"has-black-color has-text-color has-link-color wp-elements-0377ddf701d3c12bbea555328291457a\"><strong>Int\u00e9zm\u00e9ny neve:<\/strong> Csodaorsz\u00e1g \u00d3voda, B\u00f6lcs\u0151de \u00e9s K\u00f6z\u00e9tkezet\u00e9st Ell\u00e1t\u00f3 Int\u00e9zm\u00e9ny<br><strong>\u00d3voda c\u00edme:<\/strong> 9737 B\u00fck, Sz\u00e9chenyi utca 23. <br><strong>B\u00f6lcs\u0151de c\u00edme:<\/strong> 9737 B\u00fck, Sz\u00e9chenyi utca 14-16.<br><strong>Iskolakonyha c\u00edme:<\/strong> 9737 B\u00fck, E\u00f6tv\u00f6s utca 1-3.<strong><br>Titk\u00e1rs\u00e1gi telefonsz\u00e1m:<\/strong> 06 94\/558 456<br><strong>E-mail:<\/strong> titkarsag@bukovoda.hu<\/p>\n\n\n\n<p class=\"has-black-color has-text-color has-link-color wp-elements-787f0087379d4a484265c84200ebc632\"><strong>F\u0151igazgat\u00f3:<\/strong> T\u00f3th Vikt\u00f3ria M\u00e1ria<br><strong>E-mail:<\/strong> foigazgato@bukovoda.hu<\/p>\n\n\n\n<p class=\"has-black-color has-text-color has-link-color wp-elements-a08f2d3dcdabbb8f3751e193b4212b16\"><strong>F\u0151igazgat\u00f3-helyettes:<\/strong> G\u00e1ng\u00f3n\u00e9 Pog\u00e1tsa Zsanett Rita<\/p>\n\n\n\n<p class=\"has-black-color has-text-color has-link-color wp-elements-56e195eb56e6168e98d672aea4adac05\"><strong>\u00d3vodatitk\u00e1r:<\/strong> Kov\u00e1cs-Zahar Magdolna<br><strong>E-mail:<\/strong> titkarsag@bukovoda.hu<\/p>\n\n\n\n<p class=\"has-black-color has-text-color has-link-color wp-elements-6afb57b2a15b24ed0c92a521be74d403\"><strong>B\u00f6lcs\u0151devezet\u0151:<\/strong> F\u00fcl\u00f6p-Czethoffer D\u00f3ra<br><strong>E-mail:<\/strong> bolcsode@bukovoda.hu; elelmezes.bolcsode@bukovoda.hu<br><strong>Telefonsz\u00e1m:<\/strong> 06 94\/350 764<\/p>\n\n\n\n<p class=\"has-black-color has-text-color has-link-color wp-elements-a689c98c82cf8597bf5c5453882342ba\"><strong>\u00c9lelmez\u00e9svezet\u0151k:<\/strong><br>Dienes Eszter (\u00f3voda-b\u00f6lcs\u0151de)<br><strong>Telefonsz\u00e1m:<\/strong> 06 94\/558 456<br><strong>E-mail:<\/strong> elelmezes.ovoda@bukovoda.hu<br><br>Nagy L\u00e1szl\u00f3n\u00e9 (iskola)<br><strong>Telefonsz\u00e1m:<\/strong> 06 94\/558 619<br><strong>E-mail:<\/strong> fozokonyha@bukovoda.hu<\/p>\n\n\n\n<p class=\"has-text-align-center has-black-color has-text-color has-link-color has-regular-font-size wp-elements-dd27330765dd2809d09909cc98982d30\"><strong>L\u00e9pjen vel\u00fcnk kapcsolatba<\/strong><\/p>\n\n\n\n<div class=\"wp-block-contact-form-7-contact-form-selector\">\n<div class=\"wpcf7 no-js\" id=\"wpcf7-f4-o1\" lang=\"hu-HU\" dir=\"ltr\">\n<div class=\"screen-reader-response\"><p role=\"status\" aria-live=\"polite\" aria-atomic=\"true\"><\/p> <ul><\/ul><\/div>\n<form action=\"\/index.php?rest_route=%2Fwp%2Fv2%2Fpages%2F157#wpcf7-f4-o1\" method=\"post\" class=\"wpcf7-form init\" aria-label=\"Kapcsolatfelv\u00e9teli \u0171rlap\" novalidate=\"novalidate\" data-status=\"init\">\n<div style=\"display: none;\">\n<input type=\"hidden\" name=\"_wpcf7\" value=\"4\" \/>\n<input type=\"hidden\" name=\"_wpcf7_version\" value=\"5.9.8\" \/>\n<input type=\"hidden\" name=\"_wpcf7_locale\" value=\"hu_HU\" \/>\n<input type=\"hidden\" name=\"_wpcf7_unit_tag\" value=\"wpcf7-f4-o1\" \/>\n<input type=\"hidden\" name=\"_wpcf7_container_post\" value=\"0\" \/>\n<input type=\"hidden\" name=\"_wpcf7_posted_data_hash\" value=\"\" \/>\n<input type=\"hidden\" name=\"_wpcf7_recaptcha_response\" value=\"\" \/>\n<\/div>\n<p><label> N\u00e9v<br \/>\n<span class=\"wpcf7-form-control-wrap\" data-name=\"your-name\"><input size=\"40\" maxlength=\"400\" class=\"wpcf7-form-control wpcf7-text wpcf7-validates-as-required\" autocomplete=\"name\" aria-required=\"true\" aria-invalid=\"false\" value=\"\" type=\"text\" name=\"your-name\" \/><\/span> <\/label>\n<\/p>\n<p><label> E-mail c\u00edm<br \/>\n<span class=\"wpcf7-form-control-wrap\" data-name=\"your-email\"><input size=\"40\" maxlength=\"400\" class=\"wpcf7-form-control wpcf7-email wpcf7-validates-as-required wpcf7-text wpcf7-validates-as-email\" autocomplete=\"email\" aria-required=\"true\" aria-invalid=\"false\" value=\"\" type=\"email\" name=\"your-email\" \/><\/span> <\/label>\n<\/p>\n<p><label> T\u00e1rgy<br \/>\n<span class=\"wpcf7-form-control-wrap\" data-name=\"your-subject\"><input size=\"40\" maxlength=\"400\" class=\"wpcf7-form-control wpcf7-text wpcf7-validates-as-required\" aria-required=\"true\" aria-invalid=\"false\" value=\"\" type=\"text\" name=\"your-subject\" \/><\/span> <\/label>\n<\/p>\n<p><label> \u00dczenet<br \/>\n<span class=\"wpcf7-form-control-wrap\" data-name=\"your-message\"><textarea cols=\"40\" rows=\"10\" maxlength=\"2000\" class=\"wpcf7-form-control wpcf7-textarea\" aria-invalid=\"false\" name=\"your-message\"><\/textarea><\/span> <\/label>\n<\/p>\n<p><input class=\"wpcf7-form-control wpcf7-submit has-spinner\" type=\"submit\" value=\"Bek\u00fcld\u00e9s\" \/>\n<\/p><div class=\"wpcf7-response-output\" aria-hidden=\"true\"><\/div>\n<\/form>\n<\/div>\n<\/div>\n","protected":false},"excerpt":{"rendered":"<p>Int\u00e9zm\u00e9ny neve: Csodaorsz\u00e1g \u00d3voda, B\u00f6lcs\u0151de \u00e9s K\u00f6z\u00e9tkezet\u00e9st Ell\u00e1t\u00f3 Int\u00e9zm\u00e9ny\u00d3voda c\u00edme: 9737 B\u00fck, Sz\u00e9chenyi utca 23. B\u00f6lcs\u0151de c\u00edme: 9737 B\u00fck, Sz\u00e9chenyi utca 14-16.Iskolakonyha c\u00edme: 9737 B\u00fck, E\u00f6tv\u00f6s utca 1-3.Titk\u00e1rs\u00e1gi telefonsz\u00e1m: 06 94\/558 456E-mail: titkarsag@bukovoda.hu F\u0151igazgat\u00f3: T\u00f3th Vikt\u00f3ria M\u00e1riaE-mail: foigazgato@bukovoda.hu F\u0151igazgat\u00f3-helyettes: G\u00e1ng\u00f3n\u00e9 [&hellip;]<\/p>\n","protected":false},"author":1,"featured_media":249,"parent":0,"menu_order":0,"comment_status":"closed","ping_status":"closed","template":"elementor_header_footer","meta":{"ngg_post_thumbnail":0,"footnotes":""},"class_list":["post-157","page","type-page","status-publish","has-post-thumbnail","hentry"],"yoast_head":"<!-- This site is optimized with the Yoast SEO plugin v21.9.1 - https:\/\/yoast.com\/wordpress\/plugins\/seo\/ -->\n<title>Kapcsolat - Csodaorsz\u00e1g \u00d3voda, B\u00f6lcs\u0151de \u00e9s K\u00f6z\u00e9tkeztet\u00e9st Ell\u00e1t\u00f3 Int\u00e9zm\u00e9ny<\/title>\n<meta name=\"robots\" content=\"index, follow, max-snippet:-1, max-image-preview:large, max-video-preview:-1\" \/>\n<link rel=\"canonical\" href=\"https:\/\/bukovoda.hu\/?page_id=157\" \/>\n<meta property=\"og:locale\" content=\"hu_HU\" \/>\n<meta property=\"og:type\" content=\"article\" \/>\n<meta property=\"og:title\" content=\"Kapcsolat - Csodaorsz\u00e1g \u00d3voda, B\u00f6lcs\u0151de \u00e9s K\u00f6z\u00e9tkeztet\u00e9st Ell\u00e1t\u00f3 Int\u00e9zm\u00e9ny\" \/>\n<meta property=\"og:description\" content=\"Int\u00e9zm\u00e9ny neve: Csodaorsz\u00e1g \u00d3voda, B\u00f6lcs\u0151de \u00e9s K\u00f6z\u00e9tkezet\u00e9st Ell\u00e1t\u00f3 Int\u00e9zm\u00e9ny\u00d3voda c\u00edme: 9737 B\u00fck, Sz\u00e9chenyi utca 23. B\u00f6lcs\u0151de c\u00edme: 9737 B\u00fck, Sz\u00e9chenyi utca 14-16.Iskolakonyha c\u00edme: 9737 B\u00fck, E\u00f6tv\u00f6s utca 1-3.Titk\u00e1rs\u00e1gi telefonsz\u00e1m: 06 94\/558 456E-mail: titkarsag@bukovoda.hu F\u0151igazgat\u00f3: T\u00f3th Vikt\u00f3ria M\u00e1riaE-mail: foigazgato@bukovoda.hu F\u0151igazgat\u00f3-helyettes: G\u00e1ng\u00f3n\u00e9 [&hellip;]\" \/>\n<meta property=\"og:url\" content=\"https:\/\/bukovoda.hu\/?page_id=157\" \/>\n<meta property=\"og:site_name\" content=\"Csodaorsz\u00e1g \u00d3voda, B\u00f6lcs\u0151de \u00e9s K\u00f6z\u00e9tkeztet\u00e9st Ell\u00e1t\u00f3 Int\u00e9zm\u00e9ny\" \/>\n<meta property=\"article:modified_time\" content=\"2025-11-03T14:15:01+00:00\" \/>\n<meta property=\"og:image\" content=\"https:\/\/bukovoda.hu\/wp-content\/uploads\/2024\/02\/Artboard-1-copy-8-100-scaled.jpg\" \/>\n\t<meta property=\"og:image:width\" content=\"2560\" \/>\n\t<meta property=\"og:image:height\" content=\"898\" \/>\n\t<meta property=\"og:image:type\" content=\"image\/jpeg\" \/>\n<meta name=\"twitter:card\" content=\"summary_large_image\" \/>\n<meta name=\"twitter:label1\" content=\"Becs\u00fclt olvas\u00e1si id\u0151\" \/>\n\t<meta name=\"twitter:data1\" content=\"1 perc\" \/>\n<script type=\"application\/ld+json\" class=\"yoast-schema-graph\">{\"@context\":\"https:\/\/schema.org\",\"@graph\":[{\"@type\":\"WebPage\",\"@id\":\"https:\/\/bukovoda.hu\/?page_id=157\",\"url\":\"https:\/\/bukovoda.hu\/?page_id=157\",\"name\":\"Kapcsolat - Csodaorsz\u00e1g \u00d3voda, B\u00f6lcs\u0151de \u00e9s K\u00f6z\u00e9tkeztet\u00e9st Ell\u00e1t\u00f3 Int\u00e9zm\u00e9ny\",\"isPartOf\":{\"@id\":\"https:\/\/bukovoda.hu\/#website\"},\"datePublished\":\"2024-02-07T10:25:34+00:00\",\"dateModified\":\"2025-11-03T14:15:01+00:00\",\"breadcrumb\":{\"@id\":\"https:\/\/bukovoda.hu\/?page_id=157#breadcrumb\"},\"inLanguage\":\"hu\",\"potentialAction\":[{\"@type\":\"ReadAction\",\"target\":[\"https:\/\/bukovoda.hu\/?page_id=157\"]}]},{\"@type\":\"BreadcrumbList\",\"@id\":\"https:\/\/bukovoda.hu\/?page_id=157#breadcrumb\",\"itemListElement\":[{\"@type\":\"ListItem\",\"position\":1,\"name\":\"Kezd\u0151lap\",\"item\":\"https:\/\/bukovoda.hu\/\"},{\"@type\":\"ListItem\",\"position\":2,\"name\":\"Kapcsolat\"}]},{\"@type\":\"WebSite\",\"@id\":\"https:\/\/bukovoda.hu\/#website\",\"url\":\"https:\/\/bukovoda.hu\/\",\"name\":\"Csodaorsz\u00e1g \u00d3voda, B\u00f6lcs\u0151de \u00e9s K\u00f6z\u00e9tkeztet\u00e9st Ell\u00e1t\u00f3 Int\u00e9zm\u00e9ny\",\"description\":\"\",\"publisher\":{\"@id\":\"https:\/\/bukovoda.hu\/#organization\"},\"potentialAction\":[{\"@type\":\"SearchAction\",\"target\":{\"@type\":\"EntryPoint\",\"urlTemplate\":\"https:\/\/bukovoda.hu\/?s={search_term_string}\"},\"query-input\":\"required name=search_term_string\"}],\"inLanguage\":\"hu\"},{\"@type\":\"Organization\",\"@id\":\"https:\/\/bukovoda.hu\/#organization\",\"name\":\"Csodaorsz\u00e1g \u00d3voda, B\u00f6lcs\u0151de \u00e9s K\u00f6z\u00e9tkeztet\u00e9st Ell\u00e1t\u00f3 Int\u00e9zm\u00e9ny\",\"url\":\"https:\/\/bukovoda.hu\/\",\"logo\":{\"@type\":\"ImageObject\",\"inLanguage\":\"hu\",\"@id\":\"https:\/\/bukovoda.hu\/#\/schema\/logo\/image\/\",\"url\":\"https:\/\/bukovoda.hu\/wp-content\/uploads\/2024\/02\/cropped-cropped-Csodaorszag_ovoda-Logo-4-Color.jpg\",\"contentUrl\":\"https:\/\/bukovoda.hu\/wp-content\/uploads\/2024\/02\/cropped-cropped-Csodaorszag_ovoda-Logo-4-Color.jpg\",\"width\":508,\"height\":239,\"caption\":\"Csodaorsz\u00e1g \u00d3voda, B\u00f6lcs\u0151de \u00e9s K\u00f6z\u00e9tkeztet\u00e9st Ell\u00e1t\u00f3 Int\u00e9zm\u00e9ny\"},\"image\":{\"@id\":\"https:\/\/bukovoda.hu\/#\/schema\/logo\/image\/\"}}]}<\/script>\n<!-- \/ Yoast SEO plugin. -->","yoast_head_json":{"title":"Kapcsolat - Csodaorsz\u00e1g \u00d3voda, B\u00f6lcs\u0151de \u00e9s K\u00f6z\u00e9tkeztet\u00e9st Ell\u00e1t\u00f3 Int\u00e9zm\u00e9ny","robots":{"index":"index","follow":"follow","max-snippet":"max-snippet:-1","max-image-preview":"max-image-preview:large","max-video-preview":"max-video-preview:-1"},"canonical":"https:\/\/bukovoda.hu\/?page_id=157","og_locale":"hu_HU","og_type":"article","og_title":"Kapcsolat - Csodaorsz\u00e1g \u00d3voda, B\u00f6lcs\u0151de \u00e9s K\u00f6z\u00e9tkeztet\u00e9st Ell\u00e1t\u00f3 Int\u00e9zm\u00e9ny","og_description":"Int\u00e9zm\u00e9ny neve: Csodaorsz\u00e1g \u00d3voda, B\u00f6lcs\u0151de \u00e9s K\u00f6z\u00e9tkezet\u00e9st Ell\u00e1t\u00f3 Int\u00e9zm\u00e9ny\u00d3voda c\u00edme: 9737 B\u00fck, Sz\u00e9chenyi utca 23. B\u00f6lcs\u0151de c\u00edme: 9737 B\u00fck, Sz\u00e9chenyi utca 14-16.Iskolakonyha c\u00edme: 9737 B\u00fck, E\u00f6tv\u00f6s utca 1-3.Titk\u00e1rs\u00e1gi telefonsz\u00e1m: 06 94\/558 456E-mail: titkarsag@bukovoda.hu F\u0151igazgat\u00f3: T\u00f3th Vikt\u00f3ria M\u00e1riaE-mail: foigazgato@bukovoda.hu F\u0151igazgat\u00f3-helyettes: G\u00e1ng\u00f3n\u00e9 [&hellip;]","og_url":"https:\/\/bukovoda.hu\/?page_id=157","og_site_name":"Csodaorsz\u00e1g \u00d3voda, B\u00f6lcs\u0151de \u00e9s K\u00f6z\u00e9tkeztet\u00e9st Ell\u00e1t\u00f3 Int\u00e9zm\u00e9ny","article_modified_time":"2025-11-03T14:15:01+00:00","og_image":[{"width":2560,"height":898,"url":"https:\/\/bukovoda.hu\/wp-content\/uploads\/2024\/02\/Artboard-1-copy-8-100-scaled.jpg","type":"image\/jpeg"}],"twitter_card":"summary_large_image","twitter_misc":{"Becs\u00fclt olvas\u00e1si id\u0151":"1 perc"},"schema":{"@context":"https:\/\/schema.org","@graph":[{"@type":"WebPage","@id":"https:\/\/bukovoda.hu\/?page_id=157","url":"https:\/\/bukovoda.hu\/?page_id=157","name":"Kapcsolat - Csodaorsz\u00e1g \u00d3voda, B\u00f6lcs\u0151de \u00e9s K\u00f6z\u00e9tkeztet\u00e9st Ell\u00e1t\u00f3 Int\u00e9zm\u00e9ny","isPartOf":{"@id":"https:\/\/bukovoda.hu\/#website"},"datePublished":"2024-02-07T10:25:34+00:00","dateModified":"2025-11-03T14:15:01+00:00","breadcrumb":{"@id":"https:\/\/bukovoda.hu\/?page_id=157#breadcrumb"},"inLanguage":"hu","potentialAction":[{"@type":"ReadAction","target":["https:\/\/bukovoda.hu\/?page_id=157"]}]},{"@type":"BreadcrumbList","@id":"https:\/\/bukovoda.hu\/?page_id=157#breadcrumb","itemListElement":[{"@type":"ListItem","position":1,"name":"Kezd\u0151lap","item":"https:\/\/bukovoda.hu\/"},{"@type":"ListItem","position":2,"name":"Kapcsolat"}]},{"@type":"WebSite","@id":"https:\/\/bukovoda.hu\/#website","url":"https:\/\/bukovoda.hu\/","name":"Csodaorsz\u00e1g \u00d3voda, B\u00f6lcs\u0151de \u00e9s K\u00f6z\u00e9tkeztet\u00e9st Ell\u00e1t\u00f3 Int\u00e9zm\u00e9ny","description":"","publisher":{"@id":"https:\/\/bukovoda.hu\/#organization"},"potentialAction":[{"@type":"SearchAction","target":{"@type":"EntryPoint","urlTemplate":"https:\/\/bukovoda.hu\/?s={search_term_string}"},"query-input":"required name=search_term_string"}],"inLanguage":"hu"},{"@type":"Organization","@id":"https:\/\/bukovoda.hu\/#organization","name":"Csodaorsz\u00e1g \u00d3voda, B\u00f6lcs\u0151de \u00e9s K\u00f6z\u00e9tkeztet\u00e9st Ell\u00e1t\u00f3 Int\u00e9zm\u00e9ny","url":"https:\/\/bukovoda.hu\/","logo":{"@type":"ImageObject","inLanguage":"hu","@id":"https:\/\/bukovoda.hu\/#\/schema\/logo\/image\/","url":"https:\/\/bukovoda.hu\/wp-content\/uploads\/2024\/02\/cropped-cropped-Csodaorszag_ovoda-Logo-4-Color.jpg","contentUrl":"https:\/\/bukovoda.hu\/wp-content\/uploads\/2024\/02\/cropped-cropped-Csodaorszag_ovoda-Logo-4-Color.jpg","width":508,"height":239,"caption":"Csodaorsz\u00e1g \u00d3voda, B\u00f6lcs\u0151de \u00e9s K\u00f6z\u00e9tkeztet\u00e9st Ell\u00e1t\u00f3 Int\u00e9zm\u00e9ny"},"image":{"@id":"https:\/\/bukovoda.hu\/#\/schema\/logo\/image\/"}}]}},"blog_post_layout_featured_media_urls":{"thumbnail":["https:\/\/bukovoda.hu\/wp-content\/uploads\/2024\/02\/Artboard-1-copy-8-100-150x150.jpg",150,150,true],"full":["https:\/\/bukovoda.hu\/wp-content\/uploads\/2024\/02\/Artboard-1-copy-8-100-scaled.jpg",2560,898,false]},"categories_names":null,"comments_number":"0","_links":{"self":[{"href":"https:\/\/bukovoda.hu\/index.php?rest_route=\/wp\/v2\/pages\/157"}],"collection":[{"href":"https:\/\/bukovoda.hu\/index.php?rest_route=\/wp\/v2\/pages"}],"about":[{"href":"https:\/\/bukovoda.hu\/index.php?rest_route=\/wp\/v2\/types\/page"}],"author":[{"embeddable":true,"href":"https:\/\/bukovoda.hu\/index.php?rest_route=\/wp\/v2\/users\/1"}],"replies":[{"embeddable":true,"href":"https:\/\/bukovoda.hu\/index.php?rest_route=%2Fwp%2Fv2%2Fcomments&post=157"}],"version-history":[{"count":28,"href":"https:\/\/bukovoda.hu\/index.php?rest_route=\/wp\/v2\/pages\/157\/revisions"}],"predecessor-version":[{"id":1747,"href":"https:\/\/bukovoda.hu\/index.php?rest_route=\/wp\/v2\/pages\/157\/revisions\/1747"}],"wp:featuredmedia":[{"embeddable":true,"href":"https:\/\/bukovoda.hu\/index.php?rest_route=\/wp\/v2\/media\/249"}],"wp:attachment":[{"href":"https:\/\/bukovoda.hu\/index.php?rest_route=%2Fwp%2Fv2%2Fmedia&parent=157"}],"curies":[{"name":"wp","href":"https:\/\/api.w.org\/{rel}","templated":true}]}}